3 + s. Calculate the greatest common divisor of 45 and w.
15
Let k = 42 + -15. Let t(w) = -w**2 + 10*w - 21. Let h be t(10). Let i be (h/(-9) - 2)*9. Calculate the greatest common divisor of i and k.
3
Let r(w) = w**2 - 5*w - 8. Let q be r(5). Let v be 21/(-4)*q/6. Suppose -v*b = -30 - 47. What is the greatest common divisor of 44 and b?
11
Suppose 11*t - 14*t + 2*f + 3 = 0, -t + f = 0. Suppose -2*x - x = -81. Calculate the greatest common factor of x and t.
3
Suppose 3*y - 10 = -2*o + 24, -3*y + 4*o = -4. Calculate the highest common divisor of y and 424.
8
Let z be (-161)/14 - -11 - (-1882)/4. Calculate the greatest common divisor of z and 5.
5
Let z(s) = -s**3 - 6*s**2 + 7*s - 1. Let p be z(-7). Let c be p + (-6)/9*3. Let l be c + 1 - (-9 - 15). What is the greatest common divisor of l and 11?
11
Let j = -12 + 17. Calculate the highest common factor of 55 and j.
5
Let w be (-452)/(-12)*3 - -3. Let m = -52 + 36. Let c = 45 + m. What is the highest common divisor of w and c?
29
Let n(r) = -r**3 + 12*r + 21. Let t be n(-5). Calculate the greatest common divisor of t and 387.
43
Let c be (4 - (-156)/(-36))*(-63)/1. What is the greatest common divisor of c and 21?
21
Let j = -43 - -93. Suppose -4*w + 42 + j = 0. Calculate the greatest common divisor of w and 184.
23
Let n be 8494/6 - 72/(-216). What is the highest common divisor of 24 and n?
24
Suppose -4*r + 556 = -280. Let t(d) = 7*d - 219. Let g be t(34). What is the greatest common factor of g and r?
19
Suppose -23*u + 4488 = -12*u. What is the greatest common divisor of u and 68?
68
Let h = -26 - -6. Let m be ((-9)/72*h)/(1/22). What is the highest common factor of 11 and m?
11
Suppose 924 = -6*x - 0*x. Let f = -91 - x. What is the highest common divisor of f and 42?
21
Let m(i) = 0*i + 0*i + 9 + i. Let c = 4 - 12. Let k be m(c). What is the highest common divisor of 9 and k?
1
Suppose -5*h - h = -702. Let b = h - -131. Suppose b = 2*s + 3*r, 3*s + r = 123 + 242. Calculate the greatest common factor of s and 11.
11
Let g(n) = 22*n - 259. Let z be g(12). What is the highest common divisor of 10 and z?
5
Let j be (4 + -4 + 1 - 1)/3. Suppose j = 6*w - 9*w + 96. What is the highest common divisor of w and 4?
4
Let o = 42 - 38. Suppose -l + 10 = -5*g, l + 4 = o*g + 16. What is the highest common factor of 180 and l?
20
Let w(z) = -z + 21. Let i be w(-7). Let c = -436 - -744. Calculate the greatest common factor of c and i.
28
Suppose -2*j = -28 - 92. What is the highest common factor of 75 and j?
15
Let j be (0 - 0) + 36/2. Let k(z) = z**3 + 8*z**2 - 4*z - 1. Let g be k(-7). Let a = g - 22. Calculate the highest common divisor of j and a.
18
Suppose 0 = 3*f + f - 80. Suppose 207*w - 203*w = 320. What is the highest common factor of f and w?
20
Let r be (4/(-5))/((-6)/(-45)). Let n be 13 + (r - -2) + 1. Calculate the greatest common factor of n and 40.
10
Let j(o) = -o**3 - 9*o**2 + 7*o + 38. Let z be j(-11). Calculate the highest common factor of 7 and z.
7
Suppose 0 = v + 4*v - 3*q - 677, -4*q = -2*v + 282. Suppose 4*u + 179 + v = 4*y, -2*y - 3*u = -136. Calculate the greatest common factor of y and 37.
37
Suppose 0 = w - 5*w + 20, 5*z - 5*w + 405 = 0. Let s = z - -206. What is the highest common factor of s and 52?
26
Suppose 0 = 6*h + 22 - 94. Let p be 2/h + (-625)/(-30). Calculate the greatest common divisor of p and 14.
7
Let h(x) = -21*x - 65. Let y be h(-4). Calculate the highest common factor of 1 and y.
1
Suppose 3*n = 4*w + 8, 4*w = -5*n + 2*w + 48. Suppose 3*j = n*j - 765. What is the greatest common divisor of j and 17?
17
Let n be (-14 + 0)*(5 - 3 - 29). Calculate the greatest common divisor of n and 14.
14
Suppose -45 = -9*n, 0 = 5*j - 3*j + 2*n - 134. Calculate the greatest common factor of j and 248.
62
Suppose 2*f - 3*f = 2*u - 350, -2 = f. Calculate the highest common divisor of u and 132.
44
Let x(w) = w**3 - 5*w + 2 + 7*w**2 - 6 - 5. Let k be x(-7). Let v be -2*((-42)/7 - (-1)/(-2)). What is the greatest common factor of v and k?
13
Let a(c) = c + 33. Let m be a(-9). What is the highest common factor of m and 64?
8
Let l(x) = x**2 + 5*x + 5. Let t be l(-5). Suppose t*z = u + 840, 643 + 197 = 5*z + u. Let q = -3 + 27. Calculate the greatest common factor of z and q.
24
Let z(s) = -7*s + 1. Let u be -1*(-4 + 3 + -4). Suppose 3*q - 10 = u*q. Let a be z(q). Calculate the highest common factor of 9 and a.
9
Let v(n) = 64*n + 2. Let j = -11 - -9. Let l be v(j). Let p = -66 - l. Calculate the greatest common divisor of p and 15.
15
Let y = -93 + 95. Calculate the highest common factor of 141 and y.
1
Suppose 4*q + 4*l = 132, 4*q - 121 - 29 = 5*l. Suppose u + q = 6*u. Let i = -27 + 62. What is the highest common divisor of u and i?
7
Let t be (-17 - -16)/((-1)/1064). What is the greatest common divisor of t and 28?
28
Suppose 2*t - 20 = -12. Suppose -22 = -t*f - 2*y, 7*y - 34 = -3*f + 2*y. What is the highest common factor of 15 and f?
3
Suppose -140*g + 131*g = -792. What is the greatest common factor of g and 72?
8
Suppose 3*h - 15 + 7 = -u, 5*h - 20 = -3*u. Suppose -6 - 4 = -u*m. Let a = -2 - -3. Calculate the greatest common factor of m and a.
1
Let c be (-2 - 12)*(7 - (-204)/(-28)). What is the highest common divisor of c and 104?
4
Suppose -3*o + 2*n + 5 + 13 = 0, 5*o + 3*n - 11 = 0. What is the highest common divisor of 1 and o?
1
Let t(b) = -b**3 + 4*b**2 + 8*b - 12. Let z be (-40)/(-70) + (-62)/(-14). Let w be t(z). What is the highest common divisor of 2 and w?
1
Let z(m) = -m**3 - 5*m**2 - 3*m - 5. Let w be z(-5). Suppose 0 = -3*g + 2*g + 10. What is the greatest common factor of g and w?
10
Let w = -77 - -122. Suppose 2*t = 6 + 4. Suppose z + 5*i = 5*z - 87, t*z - 81 = -3*i. What is the highest common factor of z and w?
9
Suppose 2*a - 58 = -3*m - 13, m - 3 = 0. Calculate the highest common factor of 9 and a.
9
Let q(u) = -u**2 - 23*u - 47. Let p be q(-20). Calculate the highest common divisor of 143 and p.
13
Let l be (-186)/(-8) - (-9)/12. Suppose -3*k = 3*k - l. What is the greatest common factor of k and 8?
4
Let w be (0 - 1)/((-6)/18). Suppose 3*l - 81 = -w*q, -q - q - l + 57 = 0. Calculate the greatest common divisor of q and 75.
15
Let x be 31/(-5 + (-44)/(-8)). Calculate the greatest common factor of 2 and x.
2
Suppose 5*g - 14 = -j, -4*j + 9*j = 4*g + 128. Let o = j - -8. Calculate the highest common factor of o and 32.
32
Let t be (240/28 + 0)/(6/56). Calculate the greatest common divisor of t and 60.
20
Let i(q) = -11*q - 7. Let k be i(-2). Let c(x) = 108*x**2 - x + 1. Let l be c(1). Let u = l + -63. Calculate the highest common divisor of k and u.
15
Suppose -150 = -3*w - 7*w. Calculate the greatest common divisor of w and 240.
15
Let n be 25 + 4/(12/3). Suppose -h = -0 - n. Calculate the greatest common divisor of 65 and h.
13
Let s = 183 - 47. Calculate the highest common factor of s and 238.
34
Suppose -5*c + 211*t + 33 = 214*t, -29 = -4*c - 5*t. What is the greatest common factor of 16 and c?
2
Let s be 0/2*(-1)/(-2). Let d be (2/6)/(1/66 + s). Calculate the highest common factor of 2 and d.
2
Let s = -1108 + 1756. What is the highest common divisor of 81 and s?
81
Suppose 2*x = -4*v + 36, 33 = -3*x + 4*x - 3*v. Let h be ((-6)/2 - -103) + -7 - -3. Calculate the highest common factor of h and x.
24
Suppose -4*h = 2 - 14. Suppose h*f - 31 = 11. What is the highest common factor of 2 and f?
2
Let g be (3 - -2) + (-4 - -3). Suppose -t = 4*r - 28, g*r = -0*t - 2*t + 40. Calculate the greatest common factor of 12 and t.
12
Let x = 38 - 26. Suppose 113 = x*h - 151. Calculate the highest common factor of 66 and h.
22
Suppose -4*b - 2*r = -20, -5 = b + 4*r + 4. Suppose -b*f + 561 = -321. What is the highest common divisor of f and 18?
18
Let p be -5*(-6 + 3 + -4). What is the highest common divisor of p and 10?
5
Let o be (-12)/(-2)*(25/10 - 2). Suppose x + 5*z + 1255 = 5*x, z + 955 = o*x. Calculate the greatest common factor of 40 and x.
40
Let o(j) = -j**3 + 8*j**2 - 4*j - 19. Let w be o(7). Let l be (0 - -2)*w/(-4) + 27. What is the highest common factor of l and 234?
26
Let z be ((-2392)/(-10))/((-11)/(-220)*4). Calculate the highest common factor of z and 52.
52
Let x be 3/((-45)/(-260))*3. What is the greatest common divisor of x and 117?
13
Let d(f) = -